2?
29
Let r(b) = b**3 - 17*b**2 - 3*b + 12. Let k be r(15). Let u = k + 568. What is the remainder when u is divided by 43?
42
Suppose -l - 2*m + 4 = 0, l - 3*l + 2*m = -32. Calculate the remainder when (4 + 35)*(l - 11) is divided by -3 + 1 - 3*-2.
3
Suppose 42*n + 5505 = 48429. What is the remainder when n is divided by 338?
8
Let r(o) = 43*o**2 - 126*o + 666. Calculate the remainder when r(5) is divided by 3.
1
Let t = 9 - -7. Suppose -89 = -5*d - 3*h, 6*h - 48 = -3*d + 18. Calculate the remainder when d is divided by t.
0
Suppose m = -0*m - 78. Suppose 2*i = 4*q + 200, 3*i + i + 4*q = 340. Let c = i + m. What is the remainder when c is divided by 7?
5
Let g(o) = -10*o - 4. Let y be (-7 + (-4)/(-2))*-57. Suppose y = -22*l + 37*l. What is the remainder when g(-4) is divided by l?
17
Let w(b) = 5*b**2 - 12*b + 24. Let z be w(-6). Let h = z - 268. Calculate the remainder when 29 is divided by h.
5
Suppose -28*h - 882 = -37*h. Suppose 0 = -2*a + 21 + 19. Calculate the remainder when h is divided by a.
18
Suppose 16*f - 19 = 11*f - 4*y, 3*f = -2*y + 11. Calculate the remainder when 384 is divided by f.
0
Calculate the remainder when ((-69)/(-6))/(-23)*-5518 is divided by 251.
249
Suppose j = 4*l + 116, -68*l = -j - 69*l + 136. Suppose -5*f + 162 = -83. Calculate the remainder when j is divided by f.
34
Calculate the remainder when 647 is divided by (7 - 25)/((-141)/45 + 12/4).
107
Let v = -290 - -293. Suppose -g + 30 = -v. Calculate the remainder when 361 is divided by g.
31
Suppose -379 = -9*k + 4724. Calculate the remainder when k is divided by 85.
57
Suppose 3*i = -2*n + 269 + 50, 432 = 4*i + 4*n. Suppose -i*x = -111*x + 424. What is the remainder when 103 is divided by x?
50
Let q(b) = -5*b - 140. Let m be q(-14). Let v = m - -98. Calculate the remainder when 122 is divided by v.
10
Suppose -13*v = -318 - 124. What is the remainder when 75 is divided by v?
7
Let w = -339 - -338. Let n = 16 + -3. What is the remainder when 0 - -1*(30 - w - -4) is divided by n?
9
Suppose -3*t + 130 = 4*p + 37, -5*p + 117 = 4*t. What is the remainder when 703 is divided by p?
10
Suppose 13783*v + 50 = 13793*v. Let u(w) = -2*w - 4. Calculate the remainder when v is divided by u(-3).
1
Suppose -19*z = 2*p - 23*z - 106, -3*p + 181 = 5*z. Suppose 678 = 4*n - 0*n - b, 2*n - 348 = 5*b. Calculate the remainder when n is divided by p.
55
Let v = 8489 + -8346. Suppose -19*c + 111 = -16*c. What is the remainder when v is divided by c?
32
Let r(j) = 179*j + 1094. What is the remainder when 626/4 + (21/(-14))/(-3) is divided by r(-6)?
17
Let f = -133 - -234. What is the remainder when (2 + 550/(-8))*(-1836)/81 is divided by f?
99
Let b = 58 - 55. Let j(q) = 10*q**2 - 9 - 4*q - q + 2 + b*q. Calculate the remainder when j(-2) is divided by 20.
17
Suppose -263*a = -256*a - 5474. Calculate the remainder when a is divided by 33.
23
Suppose -3*n + 0*w = -2*w, -4*n + 11 = w. Suppose 0 = -j - 0 - n, -3*y - 3*j = 1821. What is the remainder when 40 is divided by (-4)/5*y/22?
18
Let u(d) = -d**2 - d + 10. Let k be u(3). Let c = 84 + -50. Calculate the remainder when (-1 - k) + -4 - -102 is divided by c.
31
Let a(s) = -3*s**2 + 8*s. Let n(o) = -6*o**2 + 15*o. Let k(p) = 11*a(p) - 6*n(p). Calculate the remainder when 31 is divided by k(-2).
15
Suppose -3*v + w + 226 = -176, -3*v + 5*w = -414. What is the remainder when 376 is divided by v?
110
Suppose 4*o - 71 = -5*s, 4*s - 5*s = 5*o - 31. What is the remainder when (74/(-8) + -2)/(15/(-100)) is divided by s?
9
Let f(c) = c**2 - 26*c + 3. Let t be f(26). Suppose -o + 48 = t*w, 2*w + 48 = o - 0*w. What is the remainder when 156 is divided by o?
12
Let c = 99 - 75. Suppose -c*y + 1408 = -656. Calculate the remainder when y is divided by 18.
14
Suppose 3*l + 5*q = -20, -2*q + 55 = -l - 2*l. Let a = -29 + l. Let w = a - -87. What is the remainder when w is divided by 16?
11
Let d(l) = 84*l + 12. Let j be d(3). Let q = j - 244. Calculate the remainder when 31 is divided by q.
11
Let u(a) = 2*a**2 + 3*a - 12. Let f be u(5). Suppose -60*i = -f*i - 105. What is the remainder when 66 is divided by 164/10 - ((-24)/i - -1)?
15
Let v(p) = 4*p**3 - 60*p**2 + 10*p + 49. What is the remainder when v(15) is divided by 100?
99
Let k = 33 - 35. Calculate the remainder when 184 is divided by 24 + 7/k*-2.
29
Suppose -5*u + 15 = 0, 42*q = 37*q - 3*u - 11. Let s(t) = -3*t - 3. Let o be s(3). Calculate the remainder when 18 is divided by 2/(2/(-12) + q/o).
6
Let h be 23/4 + 2/8. Let q be (-4)/8*0 + (-400)/(-16). Suppose -5*r = -h*r + q. What is the remainder when r is divided by 7?
4
Let m be -1 - (9*-37)/(60/80). Let a = 449 - m. What is the remainder when 37 is divided by a?
1
Let h = 23367 - 23087. Calculate the remainder when h is divided by 190.
90
Let q = 17300 - 17276. Calculate the remainder when 7220 is divided by q.
20
Let y = 2475 - 2463. What is the remainder when y is divided by 3 - 2/((-8)/(-4))?
0
Suppose 4543 = 29*q + 1034. Calculate the remainder when 618 is divided by q/2 + 18/12.
60
Let d = 11722 - 11644. Let x(t) = -4*t - 2. Let u be x(-3). Let g = 30 - u. What is the remainder when d is divided by g?
18
Let n be (-2*271)/(2 - (1 + -1)). Let k = n + 289. Calculate the remainder when 137 is divided by k.
11
Suppose -25 = -3*j - 22, -j + 1757 = c. What is the remainder when c is divided by 32?
28
Let f = 16 + -19. Let p be 4/6 + 1163/f. Let x = p + 580. What is the remainder when x is divided by 39?
37
Suppose -18*w + 24 + 30 = 0. Suppose -1122 = -3*c - 2*o, c + c = w*o + 761. What is the remainder when c is divided by 27?
25
Let z(l) = -6*l + 84. Let p be z(-37). Suppose 3*q + p = 20*q. What is the remainder when q is divided by 10?
8
Let a(q) be the first derivative of q**4/4 - 8*q**3 + 20*q + 163. What is the remainder when (-11)/((-10)/9 + 1) is divided by a(24)?
19
Suppose -2*m + 3 = 5*k + 31, -3*m - 32 = 5*k. What is the remainder when k/18 - 30816/(-162) is divided by 51?
37
Let q(y) = -544*y + 6656. Calculate the remainder when q(12) is divided by 4.
0
Suppose 24*r - 211031 + 5516 = -38931. Calculate the remainder when r is divided by 56.
53
Suppose 0 = -3*m + 201 + 15. Suppose 17*k - 3*o = 19*k - 892, -2125 = -5*k + 3*o. What is the remainder when k is divided by m?
71
Suppose -93*o + 26*o + 23496 = 21*o. Calculate the remainder when o is divided by 90.
87
Suppose -3*p = i - 26, -2*p + i + 38 = 3*p. What is the remainder when (p/32*46)/((-2)/(-8)) is divided by 7?
4
Let o(g) = -g**2 - 127*g - 2399. Calculate the remainder when o(-35) is divided by 8.
5
Suppose -58*k + 694 + 2438 = 0. Suppose -b + 134 + 133 = 0. What is the remainder when b is divided by k?
51
Let f(a) = 9*a**2 + 664*a - 101. Calculate the remainder when 51 is divided by f(-74).
4
Let w(r) = -r**3 + 4*r**2 + 2*r - 1. Let d = 561 - 99. Suppose 5*c = 19*c - d. What is the remainder when c is divided by w(4)?
5
Let a = 13908 - 13854. What is the remainder when 145 is divided by a?
37
Suppose 732 + 38 = 11*a. Calculate the remainder when a is divided by 9/(-18)*(-61 + (1 - 2)).
8
Let g be (253/55)/((-1)/(-5)). Let z = g - 16. Suppose 0 = -7*h + 6*h + z. Calculate the remainder when 17 is divided by h.
3
Let n be (48/9)/((-8)/(-288)). Suppose 3*u + 3*z - n = 0, -3*u + 305 = -z + 93. What is the remainder when u is divided by 20?
9
Suppose -x = 4*x + 2*s - 2839, -2*x + 2*s = -1116. What is the remainder when x is divided by 283?
282
Suppose 0 = -5*z - 6*w + 22263, -7*w + 9*w + 4475 = z. What is the remainder when z is divided by 4?
1
Suppose 2595096 = 196*z + 82*z + 311048. What is the remainder when z is divided by 137?
133
Calculate the remainder when 93 is divided by (-2)/19 + 516*(-10)/(-285).
3
Let z(t) = -8*t + 44. Let d be z(-8). Let v = d - 96. Let s(r) = 10*r**2 + 4*r + 3. Calculate the remainder when s(-2) is divided by v.
11
Let k(d) be the third derivative of d**5/60 - d**4/3 + 3*d**3/2 + 14*d**2. Calculate the remainder when k(0) is divided by 3.
0
Suppose 4*q = m + 1418, -3*m + 25 + 323 = q. Calculate the remainder when q is divided by 23.
9
What is the remainder when 62 is divided by 34 - -3*(-42)/36*2?
8
Suppose -5*s = 5*o - 470, -3*o = 5*s + 80 - 354. Calculate the remainder when o is divided by 8.
2
Let p = 419 - 263. Suppose -12*a + 300 = p. Calcu